, what is 5 - -23641?
23646
In base 4, what is 1101032 + 1?
1101033
In base 12, what is -927 - -8?
-91b
In base 16, what is 2 - -108e7?
108e9
In base 4, what is 10103233 + -11?
10103222
In base 15, what is -5 - 2e1e2?
-2e1e7
In base 6, what is 41 - 104145?
-104104
In base 15, what is -19e87 - 2?
-19e89
In base 3, what is 21 + -1112111101?
-1112111010
In base 13, what is 2c + 1110?
113c
In base 14, what is -3 + 25980?
2597b
In base 16, what is -7 + -28823?
-2882a
In base 8, what is 37 - 31141?
-31102
In base 9, what is 7016 + -4?
7012
In base 5, what is 14 + -1041242?
-1041223
In base 14, what is 9554 - -6?
955a
In base 6, what is 445 - -44455?
45344
In base 8, what is 32125 - -5?
32132
In base 6, what is 201 - -3?
204
In base 3, what is -221102202 - -2000?
-221100202
In base 10, what is -1 - 1934?
-1935
In base 11, what is a + -25586?
-25577
In base 3, what is 121221022 + 110?
121221202
In base 5, what is 4240044 + 12?
4240111
In base 5, what is -2423000 + 0?
-2423000
In base 5, what is 11 + 1334121?
1334132
In base 4, what is 30 - -11121?
11211
In base 6, what is -4523 - -3?
-4520
In base 6, what is 22232 + 235?
22511
In base 14, what is dc9ac + 4?
dc9b2
In base 6, what is 102 - -1152?
1254
In base 7, what is -12 - 33554?
-33566
In base 16, what is 3 - -e91?
e94
In base 15, what is -3 + -15473?
-15476
In base 14, what is -2d899 + -5?
-2d8a0
In base 12, what is -21 + 1298?
1277
In base 13, what is -16c + 995?
826
In base 4, what is 31100 - 11121?
13313
In base 6, what is 11351 + -23?
11324
In base 16, what is -18ea3 + 2?
-18ea1
In base 7, what is -16230133 - 2?
-16230135
In base 16, what is dfa - -6?
e00
In base 6, what is -1354 - -12500?
11102
In base 3, what is 2 + -1010122000?
-1010121221
In base 8, what is 1 + 1132346?
1132347
In base 8, what is 166 + 4743?
5131
In base 13, what is -11 + -6b1?
-6c2
In base 5, what is 0 - 31341024?
-31341024
In base 5, what is -34013011 - -1?
-34013010
In base 10, what is -480311 - 3?
-480314
In base 9, what is 8 - 11803?
-11784
In base 4, what is -10011113 + 11?
-10011102
In base 8, what is -454 - 11017?
-11473
In base 8, what is -1 - -1336320?
1336317
In base 13, what is -a6563 - 3?
-a6566
In base 10, what is 1 + 275?
276
In base 11, what is 2 + -3887?
-3885
In base 9, what is 5 - -363283?
363288
In base 16, what is -6f + -449b?
-450a
In base 7, what is 32461 - -33?
32524
In base 3, what is -2 + 1121012111?
1121012102
In base 13, what is 748 + -8?
740
In base 4, what is -1222012 + -2?
-1222020
In base 2, what is -1010 - 10011101111110101?
-10011101111111111
In base 11, what is -293 - -138?
-156
In base 13, what is -4 + 498b?
4987
In base 14, what is -c - -953?
945
In base 11, what is 88 + 348?
425
In base 3, what is 201022002 + 122?
201022201
In base 14, what is -51 - -12a0?
124d
In base 10, what is 178360 - -14?
178374
In base 13, what is 4363 - 8?
4358
In base 3, what is -211021 - 210120?
-1121211
In base 12, what is -3 - -120767?
120764
In base 14, what is -7828 - -7c?
-778a
In base 14, what is 4 - 2386?
-2382
In base 6, what is -31113 + -2130?
-33243
In base 3, what is 0 - -101110212?
101110212
In base 9, what is 3856 + 7?
3864
In base 7, what is -20412 + 50?
-20332
In base 11, what is 16 - 74887?
-74871
In base 15, what is -652 - 6?
-658
In base 5, what is 31 + 120014?
120100
In base 12, what is -1 + -27bb9?
-27bba
In base 8, what is 36 + 21663?
21721
In base 9, what is 3348 - 378?
2860
In base 11, what is -346 + 6a?
-287
In base 11, what is 82467 - 20?
82447
In base 10, what is -80 - -141?
61
In base 13, what is 5 + -b735?
-b730
In base 9, what is 16 + 68?
85
In base 10, what is -1 - 20521?
-20522
In base 4, what is -1010 - -10021?
3011
In base 3, what is 20212 - 102?
20110
In base 7, what is 20 + -136060?
-136040
In base 2, what is 111100111011000 - -1000?
111100111100000
In base 9, what is 102163 + -2?
102161
In base 9, what is -6 + 55032?
55025
In base 13, what is 39 - 2b42?
-2b06
In base 11, what is 1188 - -56?
1233
In base 13, what is -23c - -bb?
-151
In base 14, what is 8c9 - -311?
bda
In base 9, what is -853 + 8?
-844
In base 15, what is 5 + 8114?
8119
In base 14, what is 3 - 3235?
-3232
In base 14, what is -216c + b6?
-2096
In base 14, what is -5092 - 19?
-50ab
In base 15, what is a21 + a?
a2b
In base 9, what is -5 + 38677?
38672
In base 2, what is 101100000000 + -1000?
101011111000
In base 6, what is -1 + -3331410?
-3331411
In base 5, what is -2404102 - -122?
-2403430
In base 9, what is 334025 - -14?
334040
In base 16, what is -241b - -2a?
-23f1
In base 8, what is 262365 + 5?
262372
In base 2, what is -10100010010010 - -10111?
-10100001111011
In base 5, what is -444 - -2041113?
2040114
In base 15, what is 5e45 + 1?
5e46
In base 16, what is -2d1 - -1af?
-122
In base 7, what is 0 - -14414?
14414
In base 13, what is 1260a3 - 1?
1260a2
In base 3, what is 100022220021 + 0?
100022220021
In base 11, what is 2 - 10649?
-10647
In base 13, what is c8 + -416?
-31b
In base 2, what is 101010 - -10010011101?
10011000111
In base 11, what is -31 - -2311?
2290
In base 9, what is 3718 - -1558?
5377
In base 8, what is -11 - 170215?
-170226
In base 15, what is -1 - 21ce9?
-21cea
In base 2, what is -1 - 10011111110110100?
-10011111110110101
In base 16, what is 11c0a - 5?
11c05
In base 13, what is 4c - 7ba?
-76b
In base 6, what is -13445 + -1122?
-15011
In base 8, what is 114417 + 0?
114417
In base 15, what is 182 - 245?
-b3
In base 14, what is -841aa - -5?
-841a5
In base 8, what is 4 - 63434?
-63430
In base 2, what is -100100 + 1110110000?
1110001100
In base 6, what is 21 - 251452?
-251431
In base 16, what is 4 - 158b?
-1587
In base 6, what is -1120103 - 3?
-1120110
In base 2, what is 1 + 11111110101011110?
11111110101011111
In base 8, what is -425 + -525?
-1152
In base 11, what is 371a0 - 1?
3719a
In base 8, what is 172110 - -5?
172115
In base 13, what is 21117 - 5?
21112
In base 7, what is -13605 + -23?
-13631
In base 8, what is 731 + 12?
743
In base 14, what is 1 - 1a63?
-1a62
In base 13, what is 38 + 2c46?
2c81
In base 8, what is -56232 + -34?
-56266
In base 14, what is -4 - 15764?
-15768
In base 4, what is 1312 + -320213?
-312301
In base 5, what is -214114143 - -3?
-214114140
In base 13, what is 2b - 4b7?
-489
In base 10, what is 298995 + 10?
299005
In base 6, what is 41 - -1200144?
1200225
In base 7, what is -4222 + -13?
-4235
In base 16, what is 102 - -6?
108
In base 14, what is -4 + -6c65?
-6c69
In base 9, what is 114140 - 6?
114133
In base 3, what is -1010222100 - -202?
-1010221121
In base 15, what is b6a3 - 0?
b6a3
In base 14, what is -ba36 + 3?
-ba33
In base 7, what is 1145644 - 4?
1145640
In base 7, what is -4554 + 12?
-4542
In base 3, what is 22100121 + -11010?
22012111
In base 7, what is 15646135 - 4?
15646131
In base 11, what is -17 - -39a94?
39a78
In base 4, what is -111021 + -103321?
-221002
In base 5, what is 41 + -433204?
-433113
In base 5, what is 3 + -23043140?
-23043132
In base 15, what is d3db - -4?
d3e0
In base 3, what is -11 - -2112110000?
2112102212
In base 3, what is -211210201 + -10?
-211210211
In base 5, what is 314200 - -3104?
322304
In base 5, what is 212 - 33441?
-33224
In base 7, what is 104353 - 4?
104346
In base 12, what is -1 + -306616?
-306617
In base 11, what is -8822 + -2a?
-8851
In base 15, what is 7be - e?
7b0
In base 16, what is 3a67 + -1?
3a66
In base 16, what is 24c3 + 1?
24c4
In base 15, what is -a6 + dd?
37
In base 4, what is 21123 - -202?
21331
In base 4, what is -221 - -2232?
2011
In base 3, what is -10120101022011 - 11?
-10120101022022
In base 16, what is dd24 + -3?
dd21
In base 15, what is 3 - 18a7?
-18a4
In base 15, what is -17261 + 4?
-1725c
In base 2, what is -101 + 11001100100010?
11001100011101
In base 6, what is -15310325 + -3?
-15310332
In base 6, what is -5315 + -5?
-5324
In base 3, what is 1102111120 + -10?
1102111110
In base 4, what is 102030113 + 200?
102030313
In base 13, what is 36c2 + -153?
356c
In base 11, what is 8 - 9920?
-9913
In base 16, what is -15f3 + 16?
-15dd
In base 16, what is -12 + b9?
a7
In base 3, what is 11 + -100120201220?
-100120201202
In base 12, what is -61170 - 1?
-61171
In base 13, what is -2c38 - -12?
-2c26
In base 11, what is -13 + -594a?
-5962
In base 12, what is 1150 + -2b?
1121
In base 15, what is -4d + -1361?
-13ae
I